
Suppose 2*o - 72*f + 73*f - 325 = 0, -5*f = -4*o + 643. What are the prime factors of o?
2, 3
Suppose 6*t = 108 - 72. Suppose -2*c + 3*b = -399, t*c - 5*c = 2*b + 199. List the prime factors of c.
3, 67
Let h(o) = -o**3 - 12*o**2 + 10*o + 43. Let n be h(-26). List the prime factors of (-2)/(-7) - n/(-49).
3, 7
Let h(z) be the first derivative of 353*z**4/4 + z**3 - z**2 - 46. What are the prime factors of h(1)?
2, 3, 59
Suppose 0 = 5*t - k - 3166 + 649, -2025 = -4*t - 3*k. Let c = 1353 - t. List the prime factors of c.
3, 283
Let b(h) = -3 + 165*h + 66*h + 138*h. List the prime factors of b(1).
2, 3, 61
Let r be 3/(((-75)/20)/(-5)). Suppose -3*z + 62 = -5*q - 0*z, 0 = r*z - 16. What are the prime factors of -346*(5/q)/1?
173
Let z = 4542 - 3488. What are the prime factors of z?
2, 17, 31
Suppose 4*i + 133 = -5*c, -2*i + 0*c - 2*c = 68. Let g(y) = -16*y + 118. What are the prime factors of g(i)?
2, 5, 71
Suppose -121*j + 122*j + 2*b - 18077 = 0, 6*b = -j + 18049. What are the prime factors of j?
79, 229
Let o(h) = -21103*h - 822. What are the prime factors of o(-2)?
2, 7, 739
Suppose -4*c = 2*p - 522, 4*p + 813 = 7*p - 4*c. Let g = 569 - p. What are the prime factors of g?
2, 151
Suppose 3*y = 5*a - 9, -a - 9 = -0*a + 3*y. Suppose -2*v + 410 + 198 = a. What are the prime factors of v?
2, 19
Let s be ((-1)/2)/(-1)*0. Suppose 4*g - 674 = 5*z, -z + s + 2 = 0. List the prime factors of g.
3, 19
Suppose -1465 = 5*r - 2*z + 5383, -4 = 4*z. What are the prime factors of r/(20/(-4))*(-27)/(-6)?
3, 137
List the prime factors of (11 + -1 - -3)/((-15)/(-975)).
5, 13
Suppose o - r - 4715 = 0, -3*r - 1429 + 15580 = 3*o. What are the prime factors of o?
2, 3, 131
Let j = 15873 - -16529. List the prime factors of j.
2, 17, 953
Let z be (-212)/(-954) - (1 + (-241)/9). Let g(k) = -k**3 + 26*k**2 + 31*k - 9. What are the prime factors of g(z)?
797
Let f(b) = 2*b**2 - 6*b + 10. Let g be 12*((63/12)/(-7) + 1). Let w be f(g). What are the prime factors of w/(0 - 4/(-6))?
3, 5
Suppose 47*n - 723188 - 388926 = 0. List the prime factors of n.
2, 11831
Let z = 38 + -36. Suppose 0 = 2*p + 2*p + z*p. Suppose 0 = -4*h - 2*g - p*g + 446, 0 = -4*h + 4*g + 440. What are the prime factors of h?
3, 37
Let n(w) = -46*w**3 - 2*w**2 + 52*w + 228. What are the prime factors of n(-4)?
2, 733
Suppose 1890 = -5*k - 900. Let t = k + 889. What are the prime factors of t?
331
Let v(o) = -o**2 + o + 1. Let f(n) = -n**3 - 10*n**2 - 65*n - 14. Let s(d) = f(d) + 6*v(d). List the prime factors of s(-13).
2, 3, 7
Let g(i) be the third derivative of i**5/4 + i**4/12 - 2*i**3/3 - 12*i**2. Let y be g(3). Suppose 7*n = 129 + y. What are the prime factors of n?
2, 19
Suppose -2*m + 15*m = 962. Suppose -6*s + 20 = m. Let n(h) = h**3 + 11*h**2 + 13*h - 1. List the prime factors of n(s).
2, 11
Suppose 3*l + 2*n - 2052 = 0, 2*l + 3*l - 2*n = 3420. Let o = -460 + l. Suppose -2*r - 5*v + 3*v + o = 0, 5*r - 3*v = 576. List the prime factors of r.
2, 3, 19
Suppose 0 = 29*o - 44308 + 15656. Suppose 2*p + 90 - o = 0. List the prime factors of p.
449
Let z = 507 - 712. Let h = z - -401. List the prime factors of h.
2, 7
Suppose -7*c + 8676 = 3*l - 2*c, 4*l - c = 11545. Let t = l - 1921. What are the prime factors of t?
2, 3, 7, 23
Let i = -39377 + 84454. What are the prime factors of i?
45077
Suppose -285 + 58 = -4*k + 3*y, k - y = 57. Suppose 119 = 3*o + 2*z, -4*z = o - 0*z - 33. Let f = k - o. List the prime factors of f.
3, 5
List the prime factors of (2 + -28986 + 2)*(10 + 210/(-20)).
43, 337
Let i = 3040 - 3037. Let f = 10 + -6. Suppose -f*b - i*v = -295 - 204, 0 = -2*b - 4*v + 242. List the prime factors of b.
127
Let w(n) = 15*n**3 - 4*n**3 + 11*n + 4*n + 6 - 9*n**3 + 10*n**2. Let p be w(-5). What are the prime factors of (0 - p) + 4/2?
71
Suppose -2*u - 24277 = -5*t, 15*t - 4869 = 14*t - 3*u. List the prime factors of t.
3, 1619
Let i(g) = 26*g + 191. Let v be i(-54). Let k = v + 2133. What are the prime factors of k?
2, 5, 23
Suppose -9*m = 2607 - 16053. What are the prime factors of (m/(-21))/((-1)/7) - -4?
2, 251
What are the prime factors of (-42)/(-12) + 37116/8?
4643
Let z(s) = -6*s**2 - 6*s - 5. Let f be z(-7). Let o = -43 - f. Let v = o - 76. List the prime factors of v.
2, 3, 23
Suppose -a = -5*t + 23, t + 4 = -3*a + 3*t. Suppose g - a + 6 = 0. What are the prime factors of ((-943)/9)/(-1) - g/18?
3, 5, 7
Suppose 0 = -4*n + 8, 4*t + 2*n = 12556 + 15668. List the prime factors of t.
5, 17, 83
Let r = 2528 + -2522. Suppose -443 = -4*v + 73. Suppose v + 333 = r*s. List the prime factors of s.
7, 11
Let g = 143 + -136. List the prime factors of 2735/g - (-64)/224.
17, 23
Let z(t) = -4*t + 47. Let i be 41 + (-32)/20 + (-6)/15. Suppose i*w - 20 = 35*w. List the prime factors of z(w).
3
What are the prime factors of (-58)/(-667) - (-195819)/(-138)*(-2 + -2)?
2, 3, 11, 43
Suppose -3*l - 5*s + 22 = 0, -s + 3*s - 4 = 0. Suppose -4*v + 6*a = 4*a - 5754, 4*v + 2*a = 5766. Suppose 4*i + l*i = v. List the prime factors of i.
2, 3, 5
Let g be 6 + 6/(3 - 4). Let l(k) = -k - 7. Let w be l(-4). What are the prime factors of 32/((-3)/w) + (g - 0)?
2
Let p(f) be the second derivative of f**4/6 - f**3/3 + f**2 + 75*f. Let s(q) = -q - 20. Let b be s(-15). What are the prime factors of p(b)?
2, 31
Suppose 11*o - 13352 + 4321 = 0. Let s = o - 116. List the prime factors of s.
3, 5, 47
Let z = 187 - 238. What are the prime factors of z/(-34) + (-2154)/(-4)?
2, 3, 5
Let v be 264/((3 + 0)/3). Let r = v + -547. Let o = -133 - r. What are the prime factors of o?
2, 3, 5
Let m be 44/10 + -4 + (-13)/(-5). Suppose -337 = -m*u + 233. Suppose 4*q + 5*b - 381 = 0, 2*q + 2*b + 0*b = u. List the prime factors of q.
2, 47
Let g = 6937 - 4032. What are the prime factors of g?
5, 7, 83
Let z be (-608)/(-133) + 6/14. Suppose 3*r - 1099 = -r + z*u, 1 = u. List the prime factors of r.
2, 3, 23
Suppose -4*o + 3 + 1 = z, -2*o = 4*z - 16. Suppose -4*c - z*c = -3048. List the prime factors of c.
3, 127
Let d = -85 + 89. Suppose -17*p + 3268 = -13*p - 4*c, -c = -d*p + 3274. What are the prime factors of p?
3, 7, 13
Suppose -951 = -2*x + 285. Let b = -215 + x. List the prime factors of b.
13, 31
Let r(y) = y. Let i(t) = 26*t + 21. Let q(v) = -i(v) - 2*r(v). Let c be q(-18). Suppose -5*m = -2*m - c. What are the prime factors of m?
7, 23
Let t(j) = 2*j - 8. Let a be t(4). Suppose 4*z - 774 - 286 = a. Suppose -n + 185 = 3*v + 3*n, -5*v + z = -2*n. What are the prime factors of v?
5, 11
Let g(j) = 10 - 75 - 26 + 60*j - 62. List the prime factors of g(14).
3, 229
Suppose -2*n = 14 - 18. Let d be ((-579)/15)/(n/(-10)). Let f = -60 + d. List the prime factors of f.
7, 19
Let q(x) = 960*x**2 + 248*x - 496. List the prime factors of q(2).
2, 3, 5
Let u(i) = 47*i - 54. Let d be u(21). Let m = d - 443. What are the prime factors of m?
2, 5, 7
Suppose 5*y + 21 = 6. Let b be ((-33)/(-6))/(y + (-3642)/(-1212)). Suppose -b = -4*n - 235. List the prime factors of n.
3, 73
Suppose 5*m + 5*w + 70 = 0, -m = 3*w + 12 - 6. What are the prime factors of (m/9)/(2/(-429)) - 3?
2, 3, 71
Let f(p) = 26*p**3 + 2*p**2 + 19*p - 20. Let j be f(1). Let l(a) = 30*a + 26. List the prime factors of l(j).
2, 11, 19
Let u be 14*((-4)/(-8) + -6). Let w(m) = 2*m + 4. Let c be w(-4). What are the prime factors of c/(-7) - 7040/u?
2, 23
Let q = -28 - -552. Suppose 2*z = -z - 5*f + 824, -q = -2*z + 3*f. List the prime factors of z.
2, 67
List the prime factors of 18/(-324) + 4434918/108 + 0.
2, 3, 29, 59
List the prime factors of (-9)/(-12) - (-1333705)/404.
2, 13, 127
Let t be -60 + 17/4 + (-10)/40. Let w be (-3)/(0 - (-6)/(-32)). Let f = w - t. List the prime factors of f.
2, 3
Suppose -i + 1 = -2*a - a, -4*a = -5*i - 6. Let f(n) = -4*n - 2. Let d be f(i). Suppose 4*w = d*w - 234. What are the prime factors of w?
3, 13
Let f = 781 + -421. Let l = f + -79. What are the prime factors of l?
281
Suppose 3*c - 123 = -4*g, -5*c + 2*c = -15. Suppose g*m + 10354 = 29173. List the prime factors of m.
17, 41
Let p be (10 - 8) + (-9)/(-3). Let m = p - 1. Suppose -1300 = -m*v - 9*v. List the prime factors of v.
2, 5
What are the prime factors of -4 + 1 + (-80 - -65302)?
7, 11
What are the prime factors of 1/(3/16186) - (-368)/(-276)?
2, 3, 29, 31
Let s(t) = 25*t**3 + t**2 - 12*t + 12